en 207/4 - i/(-36) is divided by s(-4)?
16
Let c = -213 - -2336. What is the remainder when c is divided by 12?
11
Let k = 6343 + -6245. Calculate the remainder when k is divided by 45.
8
Let u(n) = 5*n**3 + 285*n**2 - 10*n - 53. What is the remainder when u(-57) is divided by 53?
40
Let d = -845 - -946. Suppose d + 56 = 5*i - r, 3*i - 2*r - 97 = 0. What is the remainder when 154 is divided by i?
30
Let q(a) = -3*a**3 + 3*a**2 + 0*a**2 + 0*a**2 + 7 + a. Let g be q(-3). Suppose 4*h - g = -32. Calculate the remainder when 54 is divided by h.
14
Suppose 232*z = 154*z + 1950. Calculate the remainder when 91 is divided by z.
16
Let f be ((-5 + 5)/(-1))/(-2). Suppose -9*r + 12*r - 660 = f. Calculate the remainder when r is divided by 58.
46
Let t = 71 - 156. Let u = t + 95. Suppose 8*n - 6*n = u. Calculate the remainder when n is divided by 2.
1
Let f be (-17 + 19)*(-10)/4. Let g(i) = -10*i + 14. What is the remainder when g(f) is divided by 22?
20
Suppose 20*n + 26528 - 120568 = 0. Calculate the remainder when n is divided by 16.
14
Suppose 2*y + 3*i - 3 = 0, -y + 61 = 3*y - 5*i. Calculate the remainder when 126 is divided by y + (-252)/(-15) - 2/(-10).
22
Suppose 3 = -i + v + 9, 0 = 5*v + 10. Suppose -7*t + 246 = -4*t - 4*u, 3*t - 225 = -3*u. What is the remainder when t is divided by i?
2
Suppose -10*d + 13*d - 78 = 0. Suppose -1048 = -d*h + 1552. What is the remainder when h is divided by 51?
49
Let h = 27452 - 27418. What is the remainder when 139 is divided by h?
3
Let h = 18 - -34. Let b = -35 + h. What is the remainder when b is divided by 30/4*(-20)/(-15)?
7
Let j(u) = u**2 + 11*u + 39. What is the remainder when 8149 is divided by j(-11)?
37
Suppose -2*f + q + 38 = -13, -f - q = -33. Suppose 0 = -11*i + 4*i + f. Suppose 0*d - 2*o = d - 17, d + 7 = i*o. What is the remainder when d is divided by 3?
0
Let y = 3869 - 3785. What is the remainder when 829 is divided by y?
73
Let y = 11 + -11. Suppose -2 + 0 = -2*h, -3*f - 2*h = -2. Suppose 0*x - x + 5*u + 20 = f, x - u - 36 = y. What is the remainder when x is divided by 14?
12
Suppose 0 = -t - 144 + 145. Let v(x) = -1 + 4*x - 4*x + 5*x. Calculate the remainder when 6 is divided by v(t).
2
Let v(q) = -19*q + 103. What is the remainder when 958 is divided by v(-3)?
158
Suppose 0 = -4*b + 2*i + 2*i + 420, -3*b = -i - 315. Let h = -151 + 131. What is the remainder when 138 is divided by (b/h)/(6/(-16))?
12
Let p = -10811 - -1355. What is the remainder when p/(-22) + 3*(-4)/(-66) is divided by 18?
16
Let v = 20109 - 12991. Calculate the remainder when v is divided by 113.
112
Let o(k) be the first derivative of 32*k**3 - 9*k**2/2 - 10*k - 121. Calculate the remainder when o(-1) is divided by 16.
15
Calculate the remainder when 154 is divided by 90*10/20 - 17.
14
Suppose 2*p - 32 = -p - 5*h, -p - 12 = -4*h. Suppose -3*o = -p - 14. What is the remainder when 4 - (-3)/6*8 is divided by o?
2
Suppose -6 = g - 3, -w = -2*g + 101. Calculate the remainder when (-2)/16*w - (-135)/(-360) is divided by 4.
1
Suppose d = 4*v - 226, 0*d + 224 = 4*v - 2*d. What is the remainder when 125*-5*(56 - v) is divided by 11?
9
Let c(j) = j**3 + 16*j**2 + 44*j - 34. Let y(h) = -4*h - 1. Let w be y(-1). Suppose -w*a + 199 + 29 = 0. Calculate the remainder when a is divided by c(-12).
6
Calculate the remainder when 257 is divided by (-4)/(-5) + (-1749)/(-795) + 78/1.
14
Let j(y) = -2*y + 11. Let v(m) = -183*m - 232. What is the remainder when v(-2) is divided by j(-8)?
26
Suppose -147 = -5*n + 4*s, -5*n + 2*s + 107 = -34. What is the remainder when 509 is divided by n?
23
Let q be (5817/5)/3 - (-3)/15. Suppose 0 = -0*h + h + 2*j + 100, 4*h + 5*j = -q. Let m = h + 132. What is the remainder when 118 is divided by m?
38
Let k be 85/(-17)*(-66 - (-1 + -1)). Let d = k - 283. What is the remainder when 145 is divided by d?
34
Let q(x) = -134*x - 16611. Let h(k) = k + 4. Calculate the remainder when h(3) is divided by q(-124).
2
Let n be (-16)/(-6)*(300/(-24) + 11). Calculate the remainder when ((-78)/n + -7)*4 is divided by 13.
11
Let o be (16/10)/((-4)/(-410)). Suppose -5*b + 81 = -o. Calculate the remainder when b is divided by (-14 - 819/(-65))*(-1150)/161.
9
Let j = -592 + 667. Let k = 16 + 3. Calculate the remainder when j is divided by k.
18
Let y(s) = 9*s**3 - 8*s**2 + 39*s - 81. Calculate the remainder when y(5) is divided by 10.
9
Calculate the remainder when ((-1)/4)/(593/(-775644)) is divided by 47.
45
Suppose 8 - 264 = -16*y. What is the remainder when y is divided by 8?
0
Let j(i) = -2*i**3 - i**2 - 2. Let x be j(-4). Let t = x - 66. Calculate the remainder when ((-45)/(-18))/(2/t) is divided by 19.
17
Suppose -77 = -m - 4*a, -13*m + 10*m + 156 = -3*a. What is the remainder when 403 is divided by m?
4
Suppose -156 - 498 = -6*w. What is the remainder when 265 is divided by w?
47
Let b = 6 + -6. Suppose b = 2*r - 28 + 16. Calculate the remainder when (4/r)/((-8)/(-276)) is divided by 3.
2
Suppose -696*x - x = 187*x - 23868. Let a = -5 - -8. Suppose -5*d = a*l - 151, -2*l = -3*d - 1 - 106. What is the remainder when l is divided by x?
25
Let q be -1 + 374/(-14) - 8/28. Let l(b) = b**2 + 24*b - 59. Calculate the remainder when 100 is divided by l(q).
47
Suppose -54*y + 100*y = 17020. Let z = 3 + 50. What is the remainder when y is divided by z?
52
Suppose 5*j = -3*r + 722, 4*j - 14*r = -18*r + 576. Calculate the remainder when j is divided by 145.
0
Let v = -40 - -73. Calculate the remainder when 5/3 - (16 + 3160/(-30)) is divided by v.
25
Suppose 53*r + 2285 - 3245 = 27395. What is the remainder when r is divided by 527?
8
Let s = 98 + -88. Let d(m) = m**2 - 10*m + 4. Let w be d(s). Suppose 2 = w*h - 14. Calculate the remainder when 12 is divided by h.
0
Suppose 2*s - 24 = -8. Let y be s/(-14) + -2 + 3057/21. Suppose -92 = -3*g - 5*m, 2*g - 7*g = -2*m - y. Calculate the remainder when g is divided by 10.
9
Suppose 10*g = 35*g - 675. What is the remainder when 151 is divided by (g/(-6))/((-8)/16)?
7
Let p = 7 - 5. Suppose 2*t + 8 = u - 8, 5*u - 64 = p*t. Let d(j) = j**3 - 11*j**2 - 10*j + 9. What is the remainder when 130 is divided by d(u)?
31
Let l be (-36)/(-11 - -5) - -21. Suppose 12*m = 11*m + l. What is the remainder when 45 is divided by m?
18
Let t = -12 - -28. Calculate the remainder when (-2 - -71) + 7/(-21 - -20) is divided by t.
14
Let g = 396 - 388. What is the remainder when 62 is divided by g?
6
Suppose 4*o = -f + 19 - 4, o - 9 = 5*f. Let y = 591 - 583. Suppose -y*v = -25*v + 1275. Calculate the remainder when v is divided by o.
3
What is the remainder when (-1382 - 12)*(3 + 7/(-2)) is divided by 142?
129
Let l = 5 + -1. Suppose -2*x = w - 41, -w + l*w - 4*x = 103. Suppose 4*v + 4*j = -0*v + 68, -5*v + 79 = 3*j. What is the remainder when w is divided by v?
9
Suppose 0 = k - 2250 + 2248, 562 = 4*f + 5*k. What is the remainder when 284 is divided by f?
8
Let n(k) be the first derivative of k**4/2 + 13*k**3/3 - 15*k + 90. Calculate the remainder when n(-6) is divided by 17.
4
What is the remainder when 178 is divided by ((-18)/(-27) + -1)*-147 + 0?
31
Let i(k) = k**3 + 22*k**2 + 78*k + 37. What is the remainder when 514 is divided by i(-14)?
1
Let q = 287 + -284. Suppose q*t + 15 = 8*t, -2*g + t = -173. Calculate the remainder when g is divided by 24.
16
Let n be (18/(-90))/((-2)/(-5))*0. Suppose n = -k - 10*u + 9*u + 38, -k - 2*u = -40. Calculate the remainder when 69 is divided by k.
33
Calculate the remainder when 3/2 - 60760/(-80) is divided by 97.
82
Let p be (-6)/(-9)*17 - 2/6. Suppose -p = 4*r + 9. Let w(h) = h + 15. Calculate the remainder when 17 is divided by w(r).
7
Suppose -30*w + 2*k - 30 = -33*w, 2*w + 4*k - 12 = 0. What is the remainder when 4724 is divided by w?
8
Let o(m) = -7*m**2 + 15*m - 7. Let y be o(3). Let q(d) = -d**3 - 24*d**2 + 24*d - 14. Let a = 120 + -67. Calculate the remainder when a is divided by q(y).
9
Let s(o) be the second derivative of 7*o**4/6 + 4*o. Suppose 24*f = 27 + 165. Calculate the remainder when s(1) is divided by f.
6
Let l = -8 - -35. Calculate the remainder when (12/45)/(658/83895) is divided by l.
7
Let y(f) = -8*f**2 - 438*f + 134. Calculate the remainder when 525 is divided by y(-55).
21
Suppose 2*s + x = -28 + 33, 4*s + 4*x = 4. Suppose -4*c + y + 101 